t of 20/((s*-2)/(-3))?
1
Suppose k = 5, -3*k = 3*u - k - 250. Let d = -53 + u. What is the units digit of d?
7
Let d(z) = 6*z - 16. What is the units digit of d(14)?
8
Let g = -8 + 11. What is the tens digit of -3 - (-22 - (g + -5))?
1
Suppose -2*c = c. Suppose c = z + 4*z - 20. What is the units digit of z?
4
Let m(h) = h**3 + 5*h**2 - 6*h + 2. Let t be m(-6). Suppose -t*z - 3*z = -5*o + 70, -2*o + 8 = 3*z. What is the units digit of o?
0
Let w(v) be the third derivative of v**4/12 + 5*v**3/6 - 4*v**2. What is the tens digit of w(4)?
1
Let p = -2 - -6. Suppose p*m - 14 - 2 = 2*j, -3*m - 2 = -5*j. What is the units digit of m?
6
Suppose -s = 2*s + 3*b - 126, -3*s + 4*b = -133. What is the tens digit of s?
4
Suppose 1 = 4*u - 7. Let m be u/3 + (-275)/(-15). Let l = m + -12. What is the units digit of l?
7
Let i = 76 + -61. What is the units digit of i?
5
Suppose 0 = -6*u + 96 + 60. What is the tens digit of u?
2
Let p(h) = -h**3 + 5*h**2 - 11*h - 11. Let n(o) = -2*o**3 + 10*o**2 - 21*o - 21. Let j(t) = -6*n(t) + 11*p(t). What is the units digit of j(5)?
0
Let l = -3 - -21. Suppose w - z - l = 0, 108 - 11 = 4*w + z. What is the units digit of w?
3
Let q(j) = j + 54. Let b be q(11). Suppose 10 = 5*h - 0. Suppose -3*t - h*t = -b. What is the tens digit of t?
1
Let q = -11 - -14. What is the tens digit of 2/((-2)/(-23)) - q?
2
Let u be 47/(-7) - 12/42. Let l = 6 - u. What is the tens digit of l?
1
Suppose 5*y - 350 = 205. What is the tens digit of y?
1
Let k(h) = -6*h**2 - 2*h - 2. Let o(v) = -3*v**2 - v - 1. Let d = -4 - -8. Let q(p) = d*k(p) - 9*o(p). What is the units digit of q(-1)?
3
Suppose 0 = 2*m + 6 + 6. What is the units digit of m/24 + 77/4?
9
What is the hundreds digit of (300/8)/((44/(-24))/(-11))?
2
Suppose 4*h - 3*s - 291 = -0*s, -3*h = 3*s - 192. What is the tens digit of h?
6
Let o(y) = y**3 - 5*y**2 - y + 2. Let g be o(5). What is the units digit of (g + 3)*-1 + 35?
5
Let n be -39*(8/6)/(-2). Suppose n = h - 0*h. What is the units digit of h?
6
Suppose -3*w - 5*m + 106 = 0, -5*w - m + 152 = -5*m. What is the tens digit of w?
3
Let b = 6 - 3. Suppose 5*z - b*z = 0. Suppose -21 = -4*n + 3*h, 2*n + 2*h - 4*h - 12 = z. What is the units digit of n?
3
Suppose 17 = 2*f - 3*j, 0 = f + 2*f + 4*j. Suppose f*i + 51 = 7*i. What is the tens digit of i?
1
Suppose -3*f + 20 = -1. What is the units digit of f?
7
Let c be 1/1*2/(-1). Let p(v) = -2*v**3 - v**2 - 2*v. What is the units digit of p(c)?
6
Suppose 5*o - 55 - 20 = 0. What is the tens digit of o?
1
Suppose -2*a - 3*a + 7 = y, -2*a - 5*y - 11 = 0. Suppose a*r - 12 = -4. What is the units digit of r?
4
Let x(f) be the first derivative of f**3/3 - 3*f**2/2 - f + 2. What is the units digit of x(4)?
3
Suppose -4 = -3*p + 5. Suppose 3*r = -8*k + 3*k + 67, -45 = -3*k + p*r. What is the units digit of k?
4
Let z(m) = m**3 + m**2 + m + 1. What is the units digit of z(0)?
1
Let y = -14 - -19. Suppose -l = -2*t, -4*l = -8*l + 8. What is the units digit of (-136)/(-20) + t/y?
7
Let h(b) = b**3 + 13*b**2 + 20*b + 20. What is the units digit of h(-11)?
2
Let l = -3 + 51. What is the tens digit of 28*4*9/l?
2
Suppose f - h + 7 = 0, -3 = -3*f - 3*h - 0. Let m be -25*f/(-15)*-4. Let u = -7 + m. What is the units digit of u?
3
Suppose -2*t + 1520 = 5*p, -3*p = 2*p + 3*t - 1515. What is the units digit of p?
6
Suppose -312 = -4*b + 52. What is the units digit of b?
1
Let t(f) = 4 - 2*f**2 + 2 - 5*f**2 + f**3 + 2*f. Let s be t(7). Suppose 3*c + 0*r + 10 = -5*r, r = 3*c - s. What is the units digit of c?
5
Let u = 9 + 7. Suppose -2*s = -3*p - 23, -2*s + p = -13 - u. What is the units digit of s?
6
Suppose 3 - 79 = -4*l. Let r = l - 11. What is the units digit of r?
8
Let q(g) be the first derivative of -g**2/2 - g + 4. Let f(c) = -14*c - 7. Let w(p) = f(p) - 5*q(p). What is the units digit of w(-2)?
6
Suppose -t + 3*s = -61, 73 = 3*t + 5*s - 68. What is the tens digit of t?
5
Let g(i) = 18*i. Let h be g(1). Suppose 6*k - 54 - h = 0. What is the units digit of k?
2
Suppose 0 = 3*v - 53 - 133. Let y = v + -29. What is the units digit of y?
3
Let g(q) = q + 1. Let n(o) = o**3 + 9*o**2 + 15*o + 2. Let f(d) = 4*g(d) - n(d). Let a be f(-8). Suppose 5*t - a = 4. What is the units digit of t?
6
Suppose -q - 4*q = -10. Suppose 8 = q*p + 2. Suppose -p*a = -a - 8. What is the units digit of a?
4
Let n(q) = -13*q**2 + q - 2. Let j be n(-3). Let u = j + 173. What is the units digit of u?
1
Let t(n) = -n**2 + 2*n + 93. What is the units digit of t(0)?
3
Let h = -4 - -6. Suppose -3*r = -2*w + w - 15, -h*w = 2*r - 2. What is the units digit of r?
4
Suppose -m + 10 = 4*m. Suppose -m*v + 80 = 3*v. What is the units digit of v?
6
Let c be (15/(-6) - -2)*10. Let b = c + 17. What is the units digit of b?
2
What is the units digit of (-63)/(-2) + 2 - (-6)/(-12)?
3
Let n = -9 - -94. What is the tens digit of n?
8
Let h = -10 + 16. Suppose -2 - 16 = -h*b. What is the units digit of b?
3
Let u be (-8)/2*12/(-16). Suppose 30 = -3*c - 4*p, u*p = 3*c + 2*p + 15. What is the units digit of (24/9)/(-2)*c?
8
Let o = -6 + 7. Let v be (-508)/(-16) + o/4. Let c = -18 + v. What is the tens digit of c?
1
Let b be ((-3)/2 + 1)*-4. Suppose -b*i - 6 = i. What is the units digit of ((-8)/(-20))/(i/(-10))?
2
Suppose -g + 97 = 4. What is the tens digit of g?
9
Suppose -u = 4*i - 2, 2*u - 4 = -3*i + 4*i. Let w(b) be the third derivative of -b**5/60 - b**4/24 + 13*b**3/6 - b**2. What is the tens digit of w(i)?
1
Suppose -5 = t, 2*d - 3*t - 35 = 54. What is the tens digit of d?
3
Suppose -z - 84 = -t + 2*z, 2*z = 0. What is the tens digit of 4*(t/8 + -4)?
2
Suppose 38 = 2*z - 140. What is the tens digit of z?
8
Suppose -m = -4*m + 381. What is the hundreds digit of m?
1
Let s(w) = -w + 5*w**2 + 4 - 2 + w**3 - 2*w**2. Let l be (-4)/(-1)*(-3)/6. What is the units digit of s(l)?
8
Suppose 2*p - 3*p = 0. Let x(r) = -6*r + p*r + 5*r + 0*r + 6. What is the units digit of x(4)?
2
Let q(j) = 38*j. What is the tens digit of q(1)?
3
What is the units digit of (15/(-2))/((-45)/240)?
0
What is the tens digit of 0/1 + 2 + 32?
3
Suppose v - 3*o - 83 = -o, -5*v + 373 = 4*o. Suppose -5*y + 83 = -v. Suppose z - 5*z + y = 0. What is the units digit of z?
8
Suppose -5*j + 91 = 4*b + 7, -36 = -2*b - 4*j. What is the units digit of b?
6
Let c = -8 - -10. Suppose -c*b - 30 = -g - 2*g, 0 = -2*g - 3*b + 33. What is the tens digit of g?
1
Let n(s) = 6*s - 25 + 25 + 2*s**2. What is the units digit of n(-4)?
8
Let o(t) = 3*t. Let p be o(-2). Let a(x) = -x - 6. Let b be a(p). Suppose b = -3*l + 8 + 22. What is the tens digit of l?
1
Suppose -2*g + 2*d + 5 = d, 3*d = g + 10. Suppose 0 = g*n - i - 192 + 30, 5*i + 84 = 3*n. What is the tens digit of n?
3
Let n = 4 + -3. Suppose n + 14 = 3*a. What is the units digit of a?
5
Let t(d) = -d**3 + 52. What is the tens digit of t(0)?
5
Suppose 0 = 7*m - 4*m - 126. Let s be 3/(-3 - m/(-16)). Let c(g) = -g**3 - 8*g**2 - 2*g - 7. What is the units digit of c(s)?
9
Let f = -5 - -9. Suppose 4*w = f*q + 4, -3*w + 1 = -q - 2. What is the units digit of w?
1
Let h = 21 - 9. Let f be 4/(-10) + 66/(-10). Let l = f + h. What is the units digit of l?
5
Let j(k) = -8*k**2 - k. Let a be j(-1). Let v be (-25 - a)/(-1 - 0). Suppose 5*b - 12 - v = 0. What is the units digit of b?
6
Let j(m) = -m**2 - 7*m - 3. Let d be j(-5). Let b = -4 + d. Suppose -b*k = -15, 5*v - 2*k - 40 = -3*k. What is the units digit of v?
7
What is the units digit of 718/15 - 22/(-165)?
8
Let l = -24 + 5. Let f = l - -27. What is the units digit of f?
8
Suppose i + 3*i + 4 = 0. Let d = 0 + i. What is the units digit of ((-68)/16)/(d/4)?
7
Suppose 0 = -j - 0*j + 4*h + 15, 5*j - h - 132 = 0. What is the tens digit of j?
2
Let t = 2 - -10. What is the tens digit of t?
1
Let n = -51 + 92. What is the units digit of n?
1
Let b be 1/(((-3)/(-15))/1). Let k = 4 - b. Let c(a) = -5*a**3 - 2*a**2 + 1. What is the units digit of c(k)?
4
Suppose -3*q - 94 = q + 2*l, q - 3*l = -41. Let x = q + 39. What is the units digit of x?
3
Let h(f) = -2*f**2 + 2. Let t be h(-2). What is the tens digit of 4/6 - 56/t?
1
Let n be (3 - 2) + 18 - -3. Suppose 4*z - n + 6 = 0. What is the units digit of z?
4
Let c(a) be the first derivative of a**4/4 + 8*a**3/3 + 3*a**2 - 3*a - 3. What is the units digit of 